 5) in base 10?
5
211 (base 3) to base 10
22
What is -20 (base 3) in base 6?
-10
4 (base 13) to base 3
11
-8 (base 14) to base 12
-8
-27 (base 12) to base 7
-43
What is 5 (base 9) in base 15?
5
-185 (base 9) to base 12
-112
What is -100 (base 8) in base 3?
-2101
What is -35 (base 13) in base 12?
-38
What is -12 (base 7) in base 9?
-10
-2 (base 7) to base 15
-2
What is -a7 (base 13) in base 11?
-115
Convert 38 (base 14) to base 8.
62
What is -410 (base 7) in base 8?
-313
Convert -2 (base 6) to base 4.
-2
3a (base 16) to base 6
134
Convert 3 (base 4) to base 9.
3
What is 2000 (base 5) in base 16?
fa
What is 81 (base 9) in base 2?
1001001
Convert -22 (base 4) to base 12.
-a
-31 (base 7) to base 15
-17
What is 1 (base 11) in base 12?
1
What is -234 (base 6) in base 15?
-64
What is 13 (base 7) in base 13?
a
-10 (base 5) to base 3
-12
Convert -2 (base 16) to base 9.
-2
Convert -10 (base 5) to base 14.
-5
Convert -41 (base 13) to base 11.
-49
Convert -bb (base 14) to base 6.
-433
What is -6 (base 11) in base 9?
-6
What is 8 (base 13) in base 14?
8
Convert -2 (base 16) to base 7.
-2
What is -122 (base 7) in base 6?
-145
What is 110111 (base 2) in base 8?
67
What is 0 (base 4) in base 11?
0
Convert 2 (base 5) to base 6.
2
-1 (base 3) to base 16
-1
What is -1211 (base 3) in base 6?
-121
What is 110 (base 2) in base 13?
6
Convert 102 (base 3) to base 16.
b
-3 (base 13) to base 16
-3
Convert -10011 (base 2) to base 11.
-18
What is -6 (base 8) in base 12?
-6
What is 2222 (base 4) in base 11?
145
What is 1 (base 11) in base 7?
1
4 (base 12) to base 9
4
What is -15 (base 9) in base 6?
-22
What is -12 (base 4) in base 14?
-6
Convert -4 (base 13) to base 12.
-4
Convert -11 (base 14) to base 6.
-23
-b (base 15) to base 8
-13
What is 354 (base 6) in base 14?
a2
Convert -b7 (base 13) to base 2.
-10010110
Convert 21 (base 4) to base 16.
9
What is -10 (base 4) in base 7?
-4
What is -2a (base 16) in base 12?
-36
Convert 15 (base 12) to base 11.
16
What is 12 (base 5) in base 6?
11
36 (base 13) to base 14
33
-7b (base 12) to base 5
-340
0 (base 4) to base 7
0
Convert 5 (base 16) to base 4.
11
3 (base 12) to base 10
3
2 (base 14) to base 16
2
Convert -1 (base 2) to base 4.
-1
What is 7 (base 14) in base 11?
7
4 (base 13) to base 11
4
Convert 10 (base 3) to base 5.
3
7a (base 13) to base 11
92
Convert 8 (base 15) to base 13.
8
Convert -50 (base 14) to base 2.
-1000110
What is -52 (base 6) in base 12?
-28
Convert -59 (base 16) to base 10.
-89
Convert 10100 (base 3) to base 7.
156
-21120 (base 3) to base 2
-11001100
What is -2c (base 16) in base 4?
-230
Convert -432 (base 7) to base 8.
-333
What is -6 (base 7) in base 16?
-6
What is -2 (base 9) in base 16?
-2
1002 (base 4) to base 10
66
Convert 47 (base 12) to base 11.
50
2 (base 3) to base 6
2
Convert -2 (base 5) to base 16.
-2
What is -132 (base 4) in base 9?
-33
Convert -38 (base 11) to base 10.
-41
Convert -6 (base 12) to base 16.
-6
4 (base 11) to base 14
4
13 (base 5) to base 16
8
What is -2 (base 3) in base 9?
-2
Convert 3 (base 6) to base 9.
3
What is -76 (base 15) in base 5?
-421
What is -4 (base 8) in base 15?
-4
-123 (base 10) to base 5
-443
What is -13 (base 9) in base 10?
-12
Convert -110 (base 2) to base 9.
-6
What is 30 (base 12) in base 13?
2a
What is -2d (base 15) in base 9?
-47
Convert -8 (base 12) to base 6.
-12
What is 2 (base 9) in base 15?
2
Convert 3 (base 14) to base 7.
3
What is 2 (base 9) in base 4?
2
What is 5 (base 8) in base 16?
5
0 (base 7) to base 6
0
Convert 13 (base 9) to base 15.
c
What is -97 (base 14) in base 9?
-157
What is -12 (base 3) in base 2?
-101
What is 131 (base 6) in base 12?
47
0 (base 14) to base 7
0
Convert 8 (base 14) to base 10.
8
Convert 111 (base 3) to base 2.
1101
103 (base 5) to base 8
34
Convert -1 (base 14) to base 11.
-1
Convert -51 (base 10) to base 6.
-123
3 (base 15) to base 9
3
-12 (base 10) to base 13
-c
Convert 2 (base 16) to base 12.
2
Convert 23 (base 7) to base 9.
18
6 (base 9) to base 10
6
Convert 174 (base 9) to base 2.
10010100
Convert -111 (base 2) to base 14.
-7
Convert -11202 (base 3) to base 7.
-242
What is 100 (base 2) in base 6?
4
1101 (base 2) to base 9
14
Convert -100 (base 3) to base 13.
-9
102 (base 6) to base 7
53
What is 4b (base 12) in base 5?
214
-2 (base 7) to base 8
-2
What is 4 (base 7) in base 2?
100
9 (base 10) to base 13
9
-9 (base 10) to base 14
-9
-29 (base 12) to base 15
-23
What is 21 (base 6) in base 4?
31
What is 2013 (base 5) in base 3?
100120
What is 135 (base 6) in base 7?
113
0 (base 16) to base 11
0
Convert 4a (base 11) to base 8.
66
-10 (base 15) to base 9
-16
What is -210 (base 4) in base 6?
-100
What is -230 (base 5) in base 7?
-122
Convert -2 (base 13) to base 6.
-2
Convert c (base 16) to base 7.
15
What is -4 (base 10) in base 2?
-100
-27 (base 14) to base 8
-43
Convert 0 (base 13) to base 3.
0
What is 4 (base 16) in base 14?
4
2024 (base 5) to base 2
100001000
10 (base 2) to base 13
2
Convert 51 (base 13) to base 10.
66
What is 2 (base 9) in base 3?
2
9 (base 12) to base 13
9
What is 12 (base 4) in base 10?
6
What is 1 (base 14) in base 5?
1
Convert -14 (base 15) to base 16.
-13
What is -1 (base 4) in base 6?
-1
Convert -4 (base 16) to base 11.
-4
What is 21 (base 10) in base 13?
18
What is -11012 (base 3) in base 15?
-78
What is -7d (base 14) in base 3?
-11010
Convert 101001 (base 2) to base 10.
41
4 (base 16) to base 7
4
Convert -352 (base 6) to base 4.
-2030
What is 25 (base 9) in base 15?
18
Convert -3 (base 8) to base 15.
-3
b1 (base 12) to base 10
133
Convert 14 (base 11) to base 6.
23
-1210 (base 5) to base 8
-264
Convert 110 (base 4) to base 10.
20
3 (base 14) to base 11
3
What is 64 (base 12) in base 15?
51
What is 11 (base 4) in base 5?
10
What is -3 (base 5) in base 7?
-3
Convert -11 (base 8) to base 3.
-100
What is -2 (base 4) in base 2?
-10
Convert 2 (base 5) to base 4.
2
Convert 42 (base 7) to base 8.
36
Convert -3 (base 10) to base 11.
-3
-10 (base 9) to base 11
-9
10 (base 3) to base 14
3
6 (base 8) to base 14
6
What is 11 (base 2) in base 16?
3
What is -40 (base 10) in base 4?
-220
What is 1 (base 5) in base 13?
1
Convert -1113 (base 4) to base 3.
-10020
-c0 (base 14) to base 4
-2220
1340 (base 5) to base 10
220
What is -3 (base 5) in base 11?
-3
Convert -1 (base 7) to base 12.
-1
Convert 60 (base 11) to base 14.
4a
What is 7 (base 10) in base 9?
7
Convert 3 (base 4) to base 13.
3
Convert 0 (base 6) to base 10.
0
-1224 (base 5) to base 3
-21000
-14 (base 14) to base 11
-17
What is 1 (base 5) in base 11?
1
What is -1 (base 7) in base 10?
-1
Convert -140 (base 7) to base 12.
-65
3 (base 7) to base 5
3
What is -2 (base 8) in base 15?
-2
Convert -50 (base 10) to base 8.
-62
What is -108 (base 9) in base 6?
-225
-263 (base 9) to base 2
-11011011
0 (base 4) to base 11
0
What is 324 (base 6) in base 10?
124
Convert -10002 (base 3) to base 12.
-6b
-19 (base 10) to base 15
-14
Convert -147 (base 11) to base 9.
-211
What is -31 (base 5) in base 14?
-12
2a (base 13) to base 12
30
Convert 20020 (base 3) to base 12.
120
Convert 10 (base 3) to base 11.
3
What is 136 (base 16) in base 13?
1ab
Convert -25 (base 6) to base 5.
-32
-6 (base 8) to base 15
-6
-3 (base 4) to base 12
-3
What is -110 (base 14) in base 13?
-132
Convert 1 (base 4) to base 6.
1
-161 (base 11) to base 9
-228
What is -10 (base 3) in base 16?
-3
Convert -110 (base 2) to base 6.
-10
Convert -3c (base 14) to base 2.
-110110
What is -1 (base 10) in base 9?
-1
Convert 2 (base 7) to base 11.
2
What is 1 (base 6) in base 9?
1
What is -50 (base 11) in base 12?
-47
What is -157 (base 9) in base 3?
-11221
10 (base 7) to base 9
7
What is -30 (base 7) in base 14?
-17
Convert -85 (base 12) to base 5.
-401
Convert 11 (base 9) to base 14.
a
Convert -11101 (base 2) to base 11.
-27
Convert -1 (base 15) to base 11.
-1
Convert 1 (base 11) to base 4.
1
Convert -5 (base 14) to base 8.
-5
What is 3 (base 11) in base 14?
3
10 (base 6) to base 12
6
What is 1020 (base 5) in base 2?
10000111
Convert 1 (base 11) to base 2.
1
What is 104 (base 5) in base 13?
23
-71 (base 11) to base 3
-2220
Convert 20 (base 5) to base 14.
a
What is -110010 (base 2) in base 5?
-200
Convert -3 (base 9) to base 7.
-3
What is 31 (base 6) in base 9?
21
Convert -117 (base 8) to base 13.
-6